- (4 + -7)) + -8 + 0 - 4?
4
What is 24 + (-36 + -16 - -7)?
-21
(18 + 1 - 1) + 39 + -45
12
Calculate (14 - 1) + -5 + -9 - -13.
12
What is the value of -5 - 0 - -12 - (-54 + 15 + 6)?
40
Calculate -15 + 20 + -11 + 8.
2
Calculate 3 - (-13 + (6 - (-14 + 10))).
6
Calculate -18 + 16 - (0 + 0).
-2
Evaluate -2 + (-6 - 10) + 4.
-14
What is 52 + 7 + -5 + -32?
22
What is the value of 29 + 1 - (-42 - -76)?
-4
-4 - (-5 + 3 + 18 + -8)
-12
Evaluate -2 + -15 - (-8 - -2).
-11
Calculate 3 - ((15 - 11) + -8).
7
What is the value of (-6 - -11) + 1 - (6 + -5)?
5
What is the value of -13 + (55 - 8) + -5 - (10 - 0)?
19
Evaluate -1 - ((-5 - 1) + (6 - 6)) - -4.
9
(-3 - -9) + (-24 - (-18 - -11)) + 3
-8
Calculate 7 + (-3 + 20 - 7) + -4.
13
What is 7 + 1 + -8 + (1 - (21 - 8))?
-12
Evaluate -18 + 5 + -21 + 29.
-5
What is the value of 14 - (9 + -9) - 11?
3
What is the value of 53 - 43 - (10 - -16)?
-16
What is 10 + (0 + 0 - 2) - 1?
7
What is 349 + -348 + (1 - 11) - 23?
-32
Calculate 9 - 4 - (-2 - -6) - (7 + 12).
-18
What is the value of -15 - (-18 + 26 + -11)?
-12
What is -9 + -2 + 12 + -3 - 10?
-12
-351 + 361 - (-17 + (-4 - -1))
30
Evaluate (-51 - -45) + 8 - 19.
-17
(14 - 15) + -7 - -11 - 0
3
What is (-10 - (-7 + 9)) + (-6 - (-5 + 8))?
-21
What is 4 - (29 + 17 + -44)?
2
What is the value of 12 - (11 + 2 + 7) - 13?
-21
Calculate 12 + 2 + -1 + -17 + -26.
-30
Evaluate (12 - 17) + -13 + 5 + -4 + 4.
-13
(0 - 0) + (36 - 116) + 51
-29
What is -6 + 18 + 1 + 9 + -17 - 0?
5
What is 11 - 2 - 8 - (1 + -2 + 4)?
-2
What is the value of (26 - 2) + (43 - 68)?
-1
1 + (-6 - -2) + -9 + 6 - 9
-15
-1 + 2 - 9 - (-53 + 48 + 18)
-21
What is the value of 8 + 10 + -4 + (19 - 4)?
29
Evaluate -1 - ((-7 - (-33 + 13)) + -1).
-13
-2 + -5 + (-1 - (-8 + 11 - 5))
-6
What is 4 - 4 - 1 - (-12 - -5) - 10?
-4
What is (2 - 17) + (-3 - 4 - (92 + -88))?
-26
Evaluate -19 + -3 - -32 - (-10 + 0).
20
What is the value of (-37 - (35 + -67)) + 24?
19
Calculate -4 + -18 + (18 - 16).
-20
-225 + 221 - (1 + 1 + -16)
10
What is 2 - (2 + -9 + (-6 - (4 + -17)))?
2
What is the value of -10 - (-10 + 9 + -7)?
-2
(1 + 6 + -67 + 59 - 15) + 9
-7
What is the value of 32 - (30 - (-26 + 29))?
5
What is -2 + 0 + 2 + 6 + -7 + 6?
5
What is the value of (-20 + 13 - 6) + -2 - -1?
-14
Evaluate (84 - 83) + 3 + (2 - 8) + -3.
-5
Evaluate 4 + -5 + (2 - -2) - 11.
-8
Evaluate -64 + 72 - (17 - (5 + -2)).
-6
Evaluate 0 + -1 + 1 + 20 + -6 + -11.
3
What is the value of -29 + 7 + 14 + (-2 - 7)?
-17
What is the value of -13 - -1 - (-46 + 29 + 18)?
-13
(37 + -12 - -11) + -17
19
What is -487 + 477 + -1 + (1 - 3)?
-13
What is the value of -16 - ((-9 - -2) + -10 + 5 + 4)?
-8
Calculate -21 - -2 - (-6 + 6 + -8).
-11
Calculate (20 - 0) + -272 + 271 + -4 + 0.
15
-7 + 5 - (6 + 1 + -10)
1
12 + -9 + (4 - 3) + -1
3
Evaluate -2 - (10 + -23) - 6.
5
What is (2 - 0 - 4) + (21 - 32 - -37)?
24
Calculate (-3 - -5 - 26) + (0 - -45) + -34.
-13
What is -51 + 62 - ((2 - 0) + 6 + 1)?
2
Calculate (12 - -2 - 13) + -17.
-16
What is 7 - (3 + 21 + -7)?
-10
Evaluate (25 - (-4 + 32)) + 3.
0
-11 + -1 - (3 - ((22 - -4) + -13))
-2
4 + (3 - 5) + (-20 - -10)
-8
65 - 71 - (7 + 0)
-13
What is the value of (119 - 120) + (0 - 22)?
-23
Evaluate -47 - -42 - (-19 - 6).
20
What is -8 + (-3 - -1) + -2 - 1?
-13
Calculate 5 + -3 + -3 + 0.
-1
What is 5 + 20 + (-9 - 8 - -13)?
21
Evaluate (-34 - -41) + (-4 - (-1 - (1 + 1))).
6
Calculate (4 + -38 - (2 + -17)) + 0.
-19
Calculate (7 + -3 - -9 - 6) + 8.
15
What is the value of 17 - (0 - (-5 - (1 + 2)) - 9)?
18
What is the value of (-11 - (1 - -1)) + (-49 - -37)?
-25
14 - ((-20 - -2) + 24)
8
Calculate 13 - (-10 + 19 + 17).
-13
What is -30 + 19 + 17 + -1 + (1 - -13)?
19
What is (-7 - (-23 - 1)) + (-18 - -9)?
8
Calculate -39 - (-22 + 15 + -22).
-10
-1 + (-104 + 98 - (-3 - (0 - -1)))
-3
What is 21 + (-27 - -18) - (2 - -3) - -16?
23
What is 5 - (13 + (8 - 4))?
-12
What is the value of (2 + -3 + 0 - -4 - 6) + -13?
-16
What is the value of (-2 - -2) + (17 - 41) + 30?
6
Calculate 12 + (19 - 45) + 3.
-11
-30 + 44 + -18 - ((2 - 2) + 8)
-12
Calculate -7 + (3 - (60 + -55 + 2 + 0)).
-11
(14 - 0) + (-5 - -3) + (-9 - -8)
11
What is -12 - (26 + -21 - (1 - -13))?
-3
-37 - (-30 + 9) - -7
-9
Calculate 18 + -6 + -5 + -2 + -2 + -13.
-10
Calculate 22 + -3 + -16 - (31 - 7).
-21
Calculate -5 + 19 + (-1 - (0 - -6)).
7
What is the value of 6 + (-4 + 0 - 3) - -1?
0
What is -1 + ((25 - -4) + -7 - 11)?
10
Evaluate -7 + 28 + (4 - 13).
12
What is 5 - 7 - (-14 - -14 - (1 + -5))?
-6
Calculate 3 - (2 - -7) - (7 - 7 - -8).
-14
Evaluate -5 + (-8 - -1 - -4).
-8
What is (1 - -3) + (-21 - (-4 + 5 + -3))?
-15
Evaluate 2 - (-6 + (14 - (-5 + 4))).
-7
What is the value of 28 + -13 + -8 + 5 - 31?
-19
25 - (-5 - (3 - 27))
6
What is the value of (16 - (32 + -5 + -12)) + (0 - 31)?
-30
What is -9 + 0 - (10 - -2 - (8 - 0))?
-13
What is the value of (-3 - -4 - (11 + -13 + 9)) + 12?
6
-18 + (-15 - (-20 - 2))
-11
What is the value of -4 + (-10 - -27) + -9 + 0 + 5?
9
What is the value of 7 + 3 - -5 - (39 - 1)?
-23
Calculate 3 - ((-2 - (-1 + -5)) + (99 - 103)).
3
What is 30 + (21 + -39 - 9)?
3
What is 7 + -10 + 3 + (1 + -10 - -3)?
-6
What is the value of (3 - (12 - 3)) + 0 + -14 + 3?
-17
What is the value of -14 + 2 + -28 + 50?
10
What is (1 - (4 - -6)) + -1 + 0 + 3?
-7
What is -4 - (0 - ((5 - -11) + 7 - -3))?
22
Evaluate 11 - (3 - -18 - 8).
-2
Evaluate 3 + 11 + -2 + -9 - 16.
-13
What is the value of -19 + (2 - -6) - -18?
7
What is 45 - 58 - (-4 + 0 - (-2 + -1))?
-12
(139 - 164) + (1 - 8)
-32
-5 + 13 + -2 + 3 + -5 + -37
-33
What is -64 - (-68 + -5 + 43)?
-34
Evaluate -21 + 3 + 4 + 5.
-9
Calculate -1 + -12 + (224 - 206).
5
Calculate -3 - -4 - (-35 + 34).
2
Evaluate (-10 - 11 - -21) + 13.
13
What is 6 - (4 - ((-9 - -11) + 3)) - -8?
15
What is the value of 21 - (0 - -7 - (4 - (4 - 8)))?
22
(-13 - (9 + -17)) + -4
-9
What is -4 - (6 + -7 + 1 - 13)?
9
What is the value of -72 + 66 + -3 + 0 - -15?
6
What is -2 - (-5 + -1 + 15 + (-18 - -7))?
0
Calculate -6 + 0 - (-23 - -25).
-8
Evaluate -5 + -3 + 4 + 3 + -6.
-7
What is (-466 - -458) + (-1 - 18)?
-27
What is 11 + -32 + 2 + 17?
-2
Calculate 1 + 0 + 2 + -22 + 15.
-4
What is the value of (61 - 67) + ((2 - 4) + 22 - -1)?
15
Evaluate 28 - 0 - (-43 - (-29 - 10)).
32
Evaluate (1 - 12 - -5 - -5) + 0.
-1
What is the value of (-37 - (-18 - 2)) + 30 + 2 + 5?
20
Evaluate 9 + (-3 - (10 - 11) - -6).
13
Calculate (6 - (0 + -1)) + 3 + -27.
-17
What is -9 + 6 + (13 - 9)?
1
What is the value of 10 - (0 - (-33 - (16 - 13)))?
-26
Evaluate 0 - (50 + -49 + (4 - -3)).
-8
Evaluate 9 - ((12 - 2 - 16) + 19).
-4
Calculate 10 + (-3 - (3 - -1)) + -39 + 48.
12
Calculate -12 - -2 - (4 - (12 - 6)).
-8
What is the value of -23 - (-50 + (27 - 19))?
19
What is the value of 1 + (-7 + 6 - -7) + -8 + -6?
-7
Evaluate (2 - -2) + 2 - (86 + -88).
8
Evaluate -25 + (-9 - -1 - -16) + 52.
35
29 - 23 - (0 - (0 + -3 + -5))
-2
(-20 - -4) + 4 + 4
-8
What is -1 + (11 - (10 - -1))?
-1
Evaluate 23 + -13 - (-3 - -30).
-17
What is the value of 14 + (26 - 2) - 17?
21
What is the value of 3 + (-26 - (-20 + 10) - -12)?
-1
13 + (-9 - (-6 + 8)) - (4 - -1)
-3
What is -24 - (-8 + -8 + -1)?
-7
Evaluate (-3 - 0) + 5 - (7 - (-15 - -11)).
-9
Calculate 8 + -5 + (4 - 0) - 15.
-8
Calculate 5 + -16 + -1 - (8 - -1).
-21
What is the value of -11 + (26 - 19) + (6 - -1)?
3
What is (12 - ((14 - 1) + -1)) + -5?
-5
8 + (-2 + 1 - 4) - (-1 + 2)
2
Calculate -7 + -9 + 4 + 0.
-12
What is -8 + 4 + 8 + 4 + 21 + -1?
28
What is 1 + 11 + 115 + -114?
13
What is -2 + -3 - (-9 - (6 + -21 + 8))?
-3
-2 + -1 + (-7 - -15) + -8 + -6
-9
Evaluate (-1 - -9) + (13 - (39 - 15)) - 3.
-6
7 + -3 + 27 - 10
21
22 - (13 - (-10 + 15))
14
18 - 47 - -27 - -12
10
Calculate 21 + -30 + (-1 + 0 - (-3 + 1)).
-8
(-9 + -1 + 0 - -9) + -5
-6
What is the value of 2 + 2 + 48 + -58?
-6
Evaluate -11 - (-9 + (3 - -7) + 7).
-19
What is (-10 - -3) + (-18 - 5) + 9?
-21
(71 + -69 - (-1 + 6)) + 1 + 17
15
Calculate 11 + (49 + -52 - (3 + 2)) + 2.
5
Calculate 7 + -3 + (-3 - -3) + -9.
-5
What is 1 + -3 + 9 + (5 - (18 - -15))?
-21
What is (-5 + 0 - (-28 + 25)) + -1 + 18?
15
44 + -39 - (0 + 10) - (1 - 3)
-3
Evaluate -2829 + 2834 - (17 - (-1 + 1)).
-12
What is the value of (7 - 1) + 43 + -44?
5
Evaluate -1 + 23 + (-356 - -307).
-27
Evaluate 12 - (-1 + -2 + (2 - -4)).
9
What is the value of (2 -